{"id":54190,"date":"2016-11-16T00:47:53","date_gmt":"2016-11-16T00:47:53","guid":{"rendered":"http:\/\/localhost:8888\/wordpress\/?page_id=54190"},"modified":"2024-08-03T02:06:37","modified_gmt":"2024-08-03T02:06:37","slug":"choreographic-legacy","status":"publish","type":"page","link":"http:\/\/marcboivin.org\/en\/choreographic-legacy\/","title":{"rendered":"Choreographic Legacy"},"content":{"rendered":"<p>[vc_row][vc_column width=&#8221;1\/1&#8243;][vc_column_text uncode_shortcode_id=&#8221;960236&#8243;]<\/p>\n<h4 id=\"header\"><a href=\"https:\/\/espaceperreault.ca\/en\/\" target=\"_blank\" rel=\"noopener\">Espace Perreault Transmissions chor\u00e9graphiques<\/a><\/h4>\n<div id=\"container\">\n<div id=\"content\">\n<div id=\"post-27\" class=\"hentry p1 page publish author-admin category-non-classe tag- y2010 m09 d04 h04\">\n<div class=\"entry-content\">\n<p>&nbsp;<\/p>\n<p><em>My meeting with Jean-Pierre Perreault and Le Groupe de la Place Royale in 1980, in the context of \u00c9v\u00e9nement 42 (1981) and then in the part of Stephen Raptis in Calliope (1982) was crucial in my career. I was influenced by his world, his work process and inspired by the man and the artist. This is what led to my involvement with Fondation Jean-Pierre Perreault between 1993 and 2001, to create and disseminate some of his choreographies and choreographic installations.<\/em><\/p>\n<p>&#8211; Marc Boivin<\/p>\n<p>In 2006, in close collaboration with Ginelle Chagnon and the support of a strong new Board of Directors, Marc Boivin became president of <a href=\"https:\/\/espaceperreault.ca\/en\/\" target=\"_blank\" rel=\"noopener\">Espace Perreault Transmission chor\u00e9graphiques<\/a>, now dedicated to the protection, dissemination and promotion of the artistic legacy of the renowned choreographer who died on December 4th, 2002.<\/p>\n<p>Redefining the mission of Espace Perreault comes when more and more people, both in Canada and abroad, are concerned with the continuity and lastingness of choreographic art. In association with prominent partners, including Biblioth\u00e8que et Archives nationales du Qu\u00e9bec (BANQ) where the Jean-Pierre Perreault Fund was introduced, the Foundation is actively involved in this quest for the preservation of dance legacies and the promotion of our rich choreographic heritage.<\/p>\n<p>Inaugurated in September 2016, the digital platform\u00a0<a href=\"http:\/\/espaceschoregraphiques2.com\/en\/\">EC2<\/a> explores different traces and memories of dance. It invites visitors to recreate and re-enact, to reflect and discuss. It showcases the multiple ways in which contemporary dance in Quebec is documented and transmitted from one generation to the next.<\/p>\n<p>After 18 years as president, Marc Boivin says goodbye to Espace Perreault in June 2024. Read Marc Boivin\u2019s farewell letter <a href=\"https:\/\/espaceperreault.ca\/en\/news\/marc-boivin-says-farewell\/\">here<\/a>.<\/p>\n<\/div>\n<\/div>\n<\/div>\n<\/div>\n<p>[\/vc_column_text][vc_row_inner][vc_column_inner column_width_percent=&#8221;100&#8243; gutter_size=&#8221;3&#8243; expand_height=&#8221;yes&#8221; overlay_alpha=&#8221;50&#8243; shift_x=&#8221;0&#8243; shift_y=&#8221;0&#8243; z_index=&#8221;0&#8243; medium_width=&#8221;0&#8243; width=&#8221;1\/4&#8243;][vc_single_image media=&#8221;54768&#8243; media_width_percent=&#8221;100&#8243;][\/vc_column_inner][vc_column_inner width=&#8221;3\/4&#8243;][vc_column_text]<strong>Living and Virtual Memory of Dance<\/strong>[\/vc_column_text][vc_button link=&#8221;url:http%3A%2F%2Fmarcboivin.org%2Fen%2Fwp-content%2Fuploads%2F2016%2F10%2FTHEMA_3_p110_p122_trad_BOIVIN_GAGNON_PRO.compressed.pdf||target:%20_blank|&#8221;]full text[\/vc_button][\/vc_column_inner][\/vc_row_inner][vc_row_inner][vc_column_inner column_width_percent=&#8221;100&#8243; gutter_size=&#8221;3&#8243; expand_height=&#8221;yes&#8221; overlay_alpha=&#8221;50&#8243; shift_x=&#8221;0&#8243; shift_y=&#8221;0&#8243; z_index=&#8221;0&#8243; medium_width=&#8221;0&#8243; width=&#8221;1\/4&#8243;][vc_single_image media=&#8221;54771&#8243; media_width_percent=&#8221;100&#8243;][\/vc_column_inner][vc_column_inner width=&#8221;3\/4&#8243;][vc_column_text]<strong>Legacy and memory<\/strong>[\/vc_column_text][vc_button link=&#8221;url:http%3A%2F%2Fmarcboivin.org%2Fwp-content%2Fuploads%2F2016%2F10%2FDanceCurrentMB.pdf||target:%20_blank|&#8221;]full text[\/vc_button][\/vc_column_inner][\/vc_row_inner][vc_row_inner][vc_column_inner column_width_percent=&#8221;100&#8243; gutter_size=&#8221;3&#8243; expand_height=&#8221;yes&#8221; overlay_alpha=&#8221;50&#8243; shift_x=&#8221;0&#8243; shift_y=&#8221;0&#8243; z_index=&#8221;0&#8243; medium_width=&#8221;0&#8243; width=&#8221;1\/4&#8243;][vc_single_image media=&#8221;54770&#8243; media_width_percent=&#8221;100&#8243;][\/vc_column_inner][vc_column_inner width=&#8221;3\/4&#8243;][vc_column_text]<strong>Jean-Pierre Perreault, un cas de figure pour le patrimoine chor\u00e9graphique qu\u00e9b\u00e9cois<\/strong>[\/vc_column_text][vc_button link=&#8221;url:http%3A%2F%2Fwww.lespressesdureel.com%2Fouvrage.php%3Fid%3D3516||target:%20_blank|&#8221;]coming soon[\/vc_button][\/vc_column_inner][\/vc_row_inner][\/vc_column][\/vc_row]<\/p>\n","protected":false},"excerpt":{"rendered":"<p>[vc_row][vc_column width=&#8221;1\/1&#8243;][vc_column_text uncode_shortcode_id=&#8221;960236&#8243;] Espace Perreault Transmissions chor\u00e9graphiques &nbsp; My meeting with Jean-Pierre Perreault and Le Groupe de la Place Royale [&hellip;]<\/p>\n","protected":false},"author":1,"featured_media":54718,"parent":0,"menu_order":0,"comment_status":"closed","ping_status":"closed","template":"","meta":[],"_links":{"self":[{"href":"http:\/\/marcboivin.org\/en\/wp-json\/wp\/v2\/pages\/54190"}],"collection":[{"href":"http:\/\/marcboivin.org\/en\/wp-json\/wp\/v2\/pages"}],"about":[{"href":"http:\/\/marcboivin.org\/en\/wp-json\/wp\/v2\/types\/page"}],"author":[{"embeddable":true,"href":"http:\/\/marcboivin.org\/en\/wp-json\/wp\/v2\/users\/1"}],"replies":[{"embeddable":true,"href":"http:\/\/marcboivin.org\/en\/wp-json\/wp\/v2\/comments?post=54190"}],"version-history":[{"count":20,"href":"http:\/\/marcboivin.org\/en\/wp-json\/wp\/v2\/pages\/54190\/revisions"}],"predecessor-version":[{"id":55372,"href":"http:\/\/marcboivin.org\/en\/wp-json\/wp\/v2\/pages\/54190\/revisions\/55372"}],"wp:featuredmedia":[{"embeddable":true,"href":"http:\/\/marcboivin.org\/en\/wp-json\/wp\/v2\/media\/54718"}],"wp:attachment":[{"href":"http:\/\/marcboivin.org\/en\/wp-json\/wp\/v2\/media?parent=54190"}],"curies":[{"name":"wp","href":"https:\/\/api.w.org\/{rel}","templated":true}]}}

<p>[vc_row][vc_column width=&#8221;1/1&#8243;][vc_column_text uncode_shortcode_id=&#8221;960236&#8243;]</p>
<h4 id="header"><a href="https://espaceperreault.ca/en/" target="_blank" rel="noopener">Espace Perreault Transmissions chorégraphiques</a></h4>
<div id="container">
<div id="content">
<div id="post-27" class="hentry p1 page publish author-admin category-non-classe tag- y2010 m09 d04 h04">
<div class="entry-content">
<p>&nbsp;</p>
<p><em>My meeting with Jean-Pierre Perreault and Le Groupe de la Place Royale in 1980, in the context of Événement 42 (1981) and then in the part of Stephen Raptis in Calliope (1982) was crucial in my career. I was influenced by his world, his work process and inspired by the man and the artist. This is what led to my involvement with Fondation Jean-Pierre Perreault between 1993 and 2001, to create and disseminate some of his choreographies and choreographic installations.</em></p>
<p>&#8211; Marc Boivin</p>
<p>In 2006, in close collaboration with Ginelle Chagnon and the support of a strong new Board of Directors, Marc Boivin became president of <a href="https://espaceperreault.ca/en/" target="_blank" rel="noopener">Espace Perreault Transmission chorégraphiques</a>, now dedicated to the protection, dissemination and promotion of the artistic legacy of the renowned choreographer who died on December 4th, 2002.</p>
<p>Redefining the mission of Espace Perreault comes when more and more people, both in Canada and abroad, are concerned with the continuity and lastingness of choreographic art. In association with prominent partners, including Bibliothèque et Archives nationales du Québec (BANQ) where the Jean-Pierre Perreault Fund was introduced, the Foundation is actively involved in this quest for the preservation of dance legacies and the promotion of our rich choreographic heritage.</p>
<p>Inaugurated in September 2016, the digital platform <a href="http://espaceschoregraphiques2.com/en/">EC2</a> explores different traces and memories of dance. It invites visitors to recreate and re-enact, to reflect and discuss. It showcases the multiple ways in which contemporary dance in Quebec is documented and transmitted from one generation to the next.</p>
<p>After 18 years as president, Marc Boivin says goodbye to Espace Perreault in June 2024. Read Marc Boivin’s farewell letter <a href="https://espaceperreault.ca/en/news/marc-boivin-says-farewell/">here</a>.</p>
</div>
</div>
</div>
</div>
<p>[/vc_column_text][vc_row_inner][vc_column_inner column_width_percent=&#8221;100&#8243; gutter_size=&#8221;3&#8243; expand_height=&#8221;yes&#8221; overlay_alpha=&#8221;50&#8243; shift_x=&#8221;0&#8243; shift_y=&#8221;0&#8243; z_index=&#8221;0&#8243; medium_width=&#8221;0&#8243; width=&#8221;1/4&#8243;][vc_single_image media=&#8221;54768&#8243; media_width_percent=&#8221;100&#8243;][/vc_column_inner][vc_column_inner width=&#8221;3/4&#8243;][vc_column_text]<strong>Living and Virtual Memory of Dance</strong>[/vc_column_text][vc_button link=&#8221;url:http%3A%2F%2Fmarcboivin.org%2Fen%2Fwp-content%2Fuploads%2F2016%2F10%2FTHEMA_3_p110_p122_trad_BOIVIN_GAGNON_PRO.compressed.pdf||target:%20_blank|&#8221;]full text[/vc_button][/vc_column_inner][/vc_row_inner][vc_row_inner][vc_column_inner column_width_percent=&#8221;100&#8243; gutter_size=&#8221;3&#8243; expand_height=&#8221;yes&#8221; overlay_alpha=&#8221;50&#8243; shift_x=&#8221;0&#8243; shift_y=&#8221;0&#8243; z_index=&#8221;0&#8243; medium_width=&#8221;0&#8243; width=&#8221;1/4&#8243;][vc_single_image media=&#8221;54771&#8243; media_width_percent=&#8221;100&#8243;][/vc_column_inner][vc_column_inner width=&#8221;3/4&#8243;][vc_column_text]<strong>Legacy and memory</strong>[/vc_column_text][vc_button link=&#8221;url:http%3A%2F%2Fmarcboivin.org%2Fwp-content%2Fuploads%2F2016%2F10%2FDanceCurrentMB.pdf||target:%20_blank|&#8221;]full text[/vc_button][/vc_column_inner][/vc_row_inner][vc_row_inner][vc_column_inner column_width_percent=&#8221;100&#8243; gutter_size=&#8221;3&#8243; expand_height=&#8221;yes&#8221; overlay_alpha=&#8221;50&#8243; shift_x=&#8221;0&#8243; shift_y=&#8221;0&#8243; z_index=&#8221;0&#8243; medium_width=&#8221;0&#8243; width=&#8221;1/4&#8243;][vc_single_image media=&#8221;54770&#8243; media_width_percent=&#8221;100&#8243;][/vc_column_inner][vc_column_inner width=&#8221;3/4&#8243;][vc_column_text]<strong>Jean-Pierre Perreault, un cas de figure pour le patrimoine chorégraphique québécois</strong>[/vc_column_text][vc_button link=&#8221;url:http%3A%2F%2Fwww.lespressesdureel.com%2Fouvrage.php%3Fid%3D3516||target:%20_blank|&#8221;]coming soon[/vc_button][/vc_column_inner][/vc_row_inner][/vc_column][/vc_row]</p>

<p>[vc_row][vc_column width=&#8221;1/1&#8243;][vc_column_text uncode_shortcode_id=&#8221;960236&#8243;] Espace Perreault Transmissions chorégraphiques &nbsp; My meeting with Jean-Pierre Perreault and Le Groupe de la Place Royale [&hellip;]</p>
